{"id":20242,"date":"2023-10-23T20:00:39","date_gmt":"2023-10-23T20:00:39","guid":{"rendered":"https:\/\/ancabe.org\/forvia\/?page_id=20242"},"modified":"2023-10-24T17:56:56","modified_gmt":"2023-10-24T17:56:56","slug":"home-b","status":"publish","type":"page","link":"https:\/\/ancabe.org\/forvia\/","title":{"rendered":"Home B"},"content":{"rendered":"<p>[vc_row equal_height=&#8221;yes&#8221; content_placement=&#8221;middle&#8221; el_id=&#8221;Alianza&#8221; css=&#8221;.vc_custom_1698164365780{margin-top: -120px !important;}&#8221;][vc_column offset=&#8221;vc_col-lg-5&#8243;][vc_row_inner][vc_column_inner width=&#8221;1\/2&#8243;][vc_single_image image=&#8221;19800&#8243; img_size=&#8221;medium&#8221; alignment=&#8221;center&#8221; css_animation=&#8221;bounceInDown&#8221;][\/vc_column_inner][vc_column_inner width=&#8221;1\/2&#8243;][\/vc_column_inner][\/vc_row_inner]<div id=\"1546585340747-d9c51fd0-927d\" class=\"dt-sc-empty-space\"><\/div><h3 class=\"alignleft \" data-delay='0'>Beneficios de realizar una becar\u00eda en FORVIA - Young Talent Program<\/h3><div id=\"1697654795824-0e736263-0aa8\" class=\"dt-sc-empty-space\"><\/div>[vc_wp_text]<\/p>\n<ol>\n<li>Beca mensual<\/li>\n<li>Membres\u00eda de beneficios m\u00e9dicos que incluye seguro contra accidentes<\/li>\n<li>Membres\u00eda de descuentos en m\u00e1s de diez mil establecimientos comerciales (hasta 40% de descuento permanente en entradas a Cin\u00e9polis y Cinemex)<\/li>\n<li>Liberaci\u00f3n de pr\u00e1cticas \/ estad\u00edas \/ residencias profesionales<\/li>\n<\/ol>\n<p>[\/vc_wp_text]<div id=\"1655140866095-544da826-100a\" class=\"dt-sc-empty-space\"><\/div>[vc_row_inner el_class=&#8221;dt-sc-twin-buttons&#8221;][vc_column_inner]<a href='https:\/\/docs.google.com\/forms\/d\/e\/1FAIpQLSd5FvmRRQZDfjHSwjTYrOvoJcf1aSCi8mJ7U0SpCFX8AYwV4w\/viewform' target='_self' title='Consulta las vacantes' class='dt-sc-button   xlarge   rounded-border  animated white' data-delay='0' > Inscribirse al programa <\/a>[\/vc_column_inner][\/vc_row_inner][\/vc_column][vc_column width=&#8221;1\/12&#8243;][\/vc_column][vc_column width=&#8221;5\/6&#8243; offset=&#8221;vc_col-lg-6 vc_hidden-sm vc_hidden-xs&#8221;][vc_row_inner el_class=&#8221;dt-sc-circular-icon-set&#8221;][vc_column_inner offset=&#8221;vc_col-lg-2 vc_col-md-3&#8243;][\/vc_column_inner][vc_column_inner offset=&#8221;vc_col-lg-10 vc_col-md-9&#8243;]<div class='dt-sc-icon-box type5 custom-style-2 ' data-delay='0' ><div class=\"icon-wrapper\"><img width=\"155\" height=\"135\" src=\"https:\/\/ancabe.org\/forvia\/wp-content\/uploads\/2018\/12\/award-2.png\" class=\"attachment-full\" alt=\"\" decoding=\"async\" title=\"award-2\" loading=\"lazy\" \/><\/div><div class=\"icon-content\"><h4><a href='#' title='English: skills for learning' target='_self'>Empresa de manufactura<\/a><\/h4><p><\/p><\/div><\/div><div class='dt-sc-icon-box type5 custom-style-2 last ' data-delay='0' ><div class=\"icon-wrapper\"><img width=\"50\" height=\"50\" src=\"https:\/\/ancabe.org\/forvia\/wp-content\/uploads\/2018\/12\/timeline-icon-1.png\" class=\"attachment-full\" alt=\"\" decoding=\"async\" title=\"timeline-icon-1\" loading=\"lazy\" \/><\/div><div class=\"icon-content\"><h4>De forma multi transnacional<\/h4><p><\/p><\/div><\/div><div class='dt-sc-icon-box type5 custom-style-2 ' data-delay='0' ><div class=\"icon-wrapper\"><img width=\"33\" height=\"33\" src=\"https:\/\/ancabe.org\/forvia\/wp-content\/uploads\/2019\/01\/icon-box-2.png\" class=\"attachment-full\" alt=\"\" decoding=\"async\" title=\"icon-box-2\" loading=\"lazy\" \/><\/div><div class=\"icon-content\"><h4>Brindamos un<br \/>\nplan de carrera<\/h4><p><\/p><\/div><\/div><div class='dt-sc-icon-box type5 custom-style-2 ' data-delay='0' ><div class=\"icon-wrapper\"><img width=\"33\" height=\"33\" src=\"https:\/\/ancabe.org\/forvia\/wp-content\/uploads\/2019\/01\/icon-box-3.png\" class=\"attachment-full\" alt=\"\" decoding=\"async\" title=\"icon-box-3\" loading=\"lazy\" \/><\/div><div class=\"icon-content\"><h4>Desarrollamos<br \/>\ntu talento<\/h4><p><\/p><\/div><\/div><div class='dt-sc-icon-box type5 custom-style-2 ' data-delay='0' ><div class=\"icon-wrapper\"><img width=\"95\" height=\"95\" src=\"https:\/\/ancabe.org\/forvia\/wp-content\/uploads\/2018\/12\/counter-1.png\" class=\"attachment-full\" alt=\"\" decoding=\"async\" title=\"counter-1\" loading=\"lazy\" \/><\/div><div class=\"icon-content\"><h4>Experiencia<br \/>\ncontinua<\/h4><p><\/p><\/div><\/div>[\/vc_column_inner][\/vc_row_inner]<div id=\"1549267420629-14982691-35b7\" class=\"dt-sc-empty-space\"><\/div>[\/vc_column][\/vc_row][vc_row full_width=&#8221;stretch_row_content&#8221; el_id=&#8221;Proceso&#8221;][vc_column]<div id=\"1545386549812-bc9a1012-d4ae\" class=\"dt-sc-empty-space\"><\/div><div class='dt-sc-title with-right-border-decor  without-bottom-space aligncenter' data-delay='0'><h2>Proceso de selecci\u00f3n<\/h2><div class=\"column is-6\">\n<div class=\"pd-30\">\n<div><\/div>\n<div><\/div>\n<\/div>\n<\/div>\n<div class=\"column is-6\">\n<div class=\"pd-30\">\n<div class=\"is-flex mb-10\"><\/div>\n<\/div>\n<\/div><\/div><div id=\"1545389952693-8f3a7921-2d17\" class=\"dt-sc-empty-space\"><\/div>[vc_row_inner][vc_column_inner width=&#8221;1\/4&#8243;]<div id=\"1545389825325-e242d30f-2e4b\" class=\"dt-sc-empty-space\"><\/div><div class='dt-sc-icon-box type2 custom-style aligncenter no-icon ' data-delay='0' ><div class=\"icon-content\"><h5>1<\/h5><h4>Etapa 1<\/h4><p>Debes llenar el formulario de pre filtro para que podamos validar tu informaci\u00f3n.<\/p><\/div><\/div>[\/vc_column_inner][vc_column_inner width=&#8221;1\/4&#8243;]<div class='dt-sc-icon-box type2 custom-style aligncenter no-icon ' data-delay='0' ><div class=\"icon-content\"><h5>2<\/h5><h4>Etapa 2<\/h4><p>Si tenemos una vacante adhoc a tu perfil te contactar\u00e1 nuestro equipo de atracci\u00f3n de talento.<\/p><\/div><\/div>[\/vc_column_inner][vc_column_inner width=&#8221;1\/4&#8243;]<div id=\"1545389844910-1c15208f-6e0d\" class=\"dt-sc-empty-space\"><\/div><div class='dt-sc-icon-box type2 custom-style reverse aligncenter no-icon ' data-delay='0' ><div class=\"icon-content\"><h5>3<\/h5><h4>Etapa 3<\/h4><p>Entrevista con Hiring Manager de FORVIA.<\/p><\/div><\/div>[\/vc_column_inner][vc_column_inner width=&#8221;1\/4&#8243;]<div class='dt-sc-icon-box type2 custom-style reverse aligncenter last no-icon ' data-delay='0' ><div class=\"icon-content\"><h5>4<\/h5><h4>Etapa 4<\/h4><p>\u00a1Si eres candidato seleccionado te comunicaremos los detalles para tu ingreso!<\/p><\/div><\/div>[\/vc_column_inner][vc_column_inner el_align=&#8221;center&#8221;]<div id=\"1545394034894-25805836-2539\" class=\"dt-sc-empty-space\"><\/div>[\/vc_column_inner][\/vc_row_inner][\/vc_column][\/vc_row][vc_row][vc_column width=&#8221;1\/3&#8243;][\/vc_column][vc_column el_align=&#8221;center&#8221; width=&#8221;1\/3&#8243;]<a href='https:\/\/docs.google.com\/forms\/d\/e\/1FAIpQLSd5FvmRRQZDfjHSwjTYrOvoJcf1aSCi8mJ7U0SpCFX8AYwV4w\/viewform' target='_self' title='Ver Cacantes' class='dt-sc-button   xlarge   rounded-border  wpb_animate_when_almost_visible wpb_fadeIn fadeIn animated white' data-delay='0' > Inscribirse al programa <\/a>[\/vc_column][vc_column width=&#8221;1\/3&#8243;][\/vc_column][\/vc_row][vc_row full_width=&#8221;stretch_row&#8221; el_id=&#8221;Requerimientos&#8221;][vc_column]<div id=\"1655828359226-0b45c1b2-0171\" class=\"dt-sc-empty-space\"><\/div><div class='dt-sc-title with-right-border-decor  aligncenter' data-delay='0'><h2>Requerimientos<\/h2><p><\/p><\/div><div id=\"1655828458909-996ac1f9-8e6f\" class=\"dt-sc-empty-space\"><\/div>[vc_row_inner][vc_column_inner width=&#8221;1\/2&#8243;]<div class='dt-sc-toggle-group-set   custom-style' data-delay='0'><h5 class='dt-sc-toggle'><a href='#'>Perfil<\/a><\/h5><div class=\"dt-sc-toggle-content\" style=\"display: none;\"><div class=\"block\"><ul>\n<li>Licenciaturas o estudiantes de: Ingenier\u00eda automotriz, industrial, mecatr\u00f3nica, qu\u00edmica, ambiental, mec\u00e1nico el\u00e9ctrico y TI.<\/li>\n<li>Paqueter\u00eda Office (intermedio)<\/li>\n<li>Estar m\u00e1ximo a 1 a\u00f1o de terminar su carrera (5to o 6to semestre por ejemplo).<\/li>\n<\/ul><\/div><\/div><h5 class='dt-sc-toggle'><a href='#'>Habilidades<\/a><\/h5><div class=\"dt-sc-toggle-content\" style=\"display: none;\"><div class=\"block\"><ul>\n<li>Tener habilidades de comunicaci\u00f3n, trabajo en equipo, compromiso para asumir con su programa de becar\u00eda y estudios.<\/li>\n<\/ul><\/div><\/div><h5 class='dt-sc-toggle'><a href='#'>Idioma<\/a><\/h5><div class=\"dt-sc-toggle-content\" style=\"display: none;\"><div class=\"block\"><ul>\n<li>Manejo del idioma ingl\u00e9s a nivel intermedio o avanzado (conversacional).<\/li>\n<\/ul><\/div><\/div><\/div>[\/vc_column_inner][vc_column_inner width=&#8221;1\/2&#8243;]<div class='dt-sc-toggle-group-set   custom-style' data-delay='0'><h5 class='dt-sc-toggle'><a href='#'>Zonas<\/a><\/h5><div class=\"dt-sc-toggle-content\" style=\"display: none;\"><div class=\"block\">Vivir cerca o contar con disposici\u00f3n de distancia.<\/p>\n<ul>\n<li style=\"list-style-type: none;\">\n<ul>\n<li style=\"list-style-type: none;\">\n<ul>\n<li>Puebla<\/li>\n<li>Hermosillo<\/li>\n<li>Sonora<\/li>\n<li>Quer\u00e9taro<\/li>\n<li>Guanajuato<\/li>\n<li>Silao<\/li>\n<li>Coahuila<\/li>\n<li>San Luis Potos\u00ed<\/li>\n<\/ul>\n<\/li>\n<\/ul>\n<\/li>\n<\/ul><\/div><\/div><h5 class='dt-sc-toggle'><a href='#'>Disponibilidad<\/a><\/h5><div class=\"dt-sc-toggle-content\" style=\"display: none;\"><div class=\"block\"><ul>\n<li>Disponibilidad para tener tu programa de becar\u00eda de forma presencial.<\/li>\n<li>Programa con dos periodos al a\u00f1o, iniciando en enero y el segundo en julio<\/li>\n<li>Pr\u00e1cticas de 6 meses, con posibilidad de extender a 12 meses, con base al desempe\u00f1o, disponibilidad del estudiante y a estatus acad\u00e9mico; contando con seguro facultativo vigente otorgado por la instituci\u00f3n educativa<\/li>\n<li>M\u00ednimo de 6 horas y un m\u00e1ximo de 8 horas diarias construyendo su proyecto<\/li>\n<li>Ser\u00e1n requeridos a participar despu\u00e9s de las 8:00 am, y antes de las 6:00 pm de lunes a viernes<\/li>\n<\/ul><\/div><\/div><\/div>[\/vc_column_inner][\/vc_row_inner]<div id=\"1655829493154-f6a8e5a4-e0b7\" class=\"dt-sc-empty-space\"><\/div>[\/vc_column][\/vc_row][vc_row full_width=&#8221;stretch_row&#8221; el_class=&#8221;dt-sc-skin-highlight dt-sc-paper-pattern-bottom&#8221; addstyles=&#8221;overflow: visible;&#8221; el_id=&#8221;VacantesFijas&#8221;][vc_column]<div id=\"1545742995515-30be2663-d723\" class=\"dt-sc-empty-space\"><\/div><div class='dt-sc-title with-right-border-decor  aligncenter' data-delay='0'><h2>\u00c1reas de desarrollo<\/h2><p>Los candidatos seleccionados (Trainees) tendr\u00e1n un proyecto asignado y un manager que dar\u00e1 seguimiento a las actividades, quien recibir\u00e1 los recursos y herramientas necesarias para lograr los objetivos del proyecto.<\/p><\/div><div id=\"1654904130307-c8177e0c-1584\" class=\"dt-sc-empty-space\"><\/div>[\/vc_column][vc_column width=&#8221;1\/2&#8243; offset=&#8221;vc_col-lg-3&#8243;]<div class='dt-sc-icon-box type1 custom-style ' data-delay='0' ><div class=\"icon-content\"><h5>Administraci\u00f3n<\/h5><p><ul>\n<li>Psicolog\u00eda<\/li>\n<li>Desarrollo organizacional<\/li>\n<li>Negocios internacionales<\/li>\n<li>De empresas<\/li>\n<li>Econom\u00eda<\/li>\n<\/ul><\/p><\/div><\/div>[\/vc_column][vc_column width=&#8221;1\/2&#8243; offset=&#8221;vc_col-lg-3&#8243;]<div class='dt-sc-icon-box type1 custom-style ' data-delay='0' ><div class=\"icon-content\"><h5>Automatizaci\u00f3n<\/h5><p><ul>\n<li>Mecatr\u00f3nica<\/li>\n<li>Mec\u00e1nico el\u00e9ctrico<\/li>\n<\/ul><\/p><\/div><\/div>[\/vc_column][vc_column width=&#8221;1\/2&#8243; offset=&#8221;vc_col-lg-3&#8243;]<div class='dt-sc-icon-box type1 custom-style ' data-delay='0' ><div class=\"icon-content\"><h5>Ingenier\u00eda<\/h5><p><ul>\n<li>Industrial<\/li>\n<li>Automotriz<\/li>\n<li>Qu\u00edmica<\/li>\n<li>Ambiental<\/li>\n<li>TI<\/li>\n<\/ul><\/p><\/div><\/div>[\/vc_column][vc_column width=&#8221;1\/2&#8243; offset=&#8221;vc_col-lg-3&#8243;]<div class='dt-sc-icon-box type1 custom-style ' data-delay='0' ><div class=\"icon-content\"><h5>Marketing<\/h5><p><ul>\n<li>Dise\u00f1o gr\u00e1fico<\/li>\n<li>Dise\u00f1o industrial<\/li>\n<\/ul><\/p><\/div><\/div>[\/vc_column][vc_column]<div id=\"1545743007496-90cb22d1-356a\" class=\"dt-sc-empty-space\"><\/div>[\/vc_column][\/vc_row][vc_row el_id=&#8221;Testimoniales&#8221;][vc_column]<div id=\"1655128796818-683ae0b8-9841\" class=\"dt-sc-empty-space\"><\/div><div class='dt-sc-title with-right-border-decor  without-bottom-space aligncenter' data-delay='0'><h2>Testimoniales<\/h2><p><\/p><\/div><div id=\"1655128951071-e44955fb-aef5\" class=\"dt-sc-empty-space\"><\/div>[\/vc_column][\/vc_row][vc_row][vc_column width=&#8221;1\/3&#8243;]<div class='dt-sc-testimonial-wrapper ' data-delay='0'><div class='dt-sc-testimonial type8 '><div class=\"dt-sc-testimonial-author\"><span><img width=\"420\" height=\"500\" src=\"https:\/\/ancabe.org\/forvia\/wp-content\/uploads\/2022\/08\/student-1.jpg\" class=\"attachment-full\" alt=\"\" decoding=\"async\" title=\"student-1\" loading=\"lazy\" srcset=\"https:\/\/ancabe.org\/forvia\/wp-content\/uploads\/2022\/08\/student-1.jpg 420w, https:\/\/ancabe.org\/forvia\/wp-content\/uploads\/2022\/08\/student-1-252x300.jpg 252w\" sizes=\"(max-width: 420px) 100vw, 420px\" \/><\/span><cite>H\u00e9ctor P\u00e9rez Cornejo<small>Trainees<\/small><\/cite><\/div><div class=\"dt-sc-testimonial-quote\"><blockquote><q>\u201cMi experiencia ha sido muy impresionante e interesante. Cuando llegu\u00e9 ten\u00eda un poco de nervios, ya que es una de las mejores empresas para\u00a0 trabajar y es reconocida mundialmente, pero con el paso de los d\u00edas me di cuenta que tiene buen ambiente, con compa\u00f1eros agradables y todos me ense\u00f1an cosas nuevas.&#8221;<\/q><\/blockquote><\/div><\/div><\/div>[\/vc_column][vc_column width=&#8221;1\/3&#8243;]<div class='dt-sc-testimonial-wrapper ' data-delay='0'><div class='dt-sc-testimonial type8 '><div class=\"dt-sc-testimonial-author\"><span><img width=\"420\" height=\"500\" src=\"https:\/\/ancabe.org\/forvia\/wp-content\/uploads\/2022\/08\/student-1-1.jpg\" class=\"attachment-full\" alt=\"\" decoding=\"async\" title=\"student-1\" loading=\"lazy\" srcset=\"https:\/\/ancabe.org\/forvia\/wp-content\/uploads\/2022\/08\/student-1-1.jpg 420w, https:\/\/ancabe.org\/forvia\/wp-content\/uploads\/2022\/08\/student-1-1-252x300.jpg 252w\" sizes=\"(max-width: 420px) 100vw, 420px\" \/><\/span><cite>Patricia Cabrera Medina<small>Trainees<\/small><\/cite><\/div><div class=\"dt-sc-testimonial-quote\"><blockquote><q>\u201cMi experiencia en estos meses ha sido incre\u00edblemente enriquecedora y de mucho aprendizaje. Desde el primer momento me percat\u00e9 que estaba en un lugar de constante crecimiento que me ha permitido conocerme mejor y saber de lo que soy capaz, poni\u00e9ndome a prueba constantemente y orill\u00e1ndome a dar siempre lo mejor de m\u00ed.\u201d<\/q><\/blockquote><\/div><\/div><\/div>[\/vc_column][vc_column width=&#8221;1\/3&#8243;]<div class='dt-sc-testimonial-wrapper ' data-delay='0'><div class='dt-sc-testimonial type8 '><div class=\"dt-sc-testimonial-author\"><span><img width=\"420\" height=\"500\" src=\"https:\/\/ancabe.org\/forvia\/wp-content\/uploads\/2022\/08\/student-1-2.jpg\" class=\"attachment-full\" alt=\"\" decoding=\"async\" title=\"student-1\" loading=\"lazy\" srcset=\"https:\/\/ancabe.org\/forvia\/wp-content\/uploads\/2022\/08\/student-1-2.jpg 420w, https:\/\/ancabe.org\/forvia\/wp-content\/uploads\/2022\/08\/student-1-2-252x300.jpg 252w\" sizes=\"(max-width: 420px) 100vw, 420px\" \/><\/span><cite>Oscar Alejandro Del Valle<small>Trainees<\/small><\/cite><\/div><div class=\"dt-sc-testimonial-quote\"><blockquote><q>\u201cEn \u00e9ste mes\u00a0 he aprendido mucho sobre los procesos, as\u00ed como la necesidad que cubre un Trainees en el mercado. En si, ha sido una muy excelente experiencia y oportunidad que he vivido hasta al momento.\u201d<\/q><\/blockquote><\/div><\/div><\/div>[\/vc_column][\/vc_row][vc_row][vc_column]<div id=\"1658937151303-6f3bffe3-ab5c\" class=\"dt-sc-empty-space\"><\/div><div class='dt-sc-title with-right-border-decor  without-bottom-space aligncenter' data-delay='0'><h2>Cont\u00e1ctanos<\/h2><p><\/p><\/div><div id=\"1658937151386-0dcfef44-7c16\" class=\"dt-sc-empty-space\"><\/div><div class='dt-sc-title with-right-border-decor  without-bottom-space aligncenter' data-delay='0'><h2><\/h2><p><strong>FORVIA<\/strong> ofrece un amplio rango de oportunidades de carreras, busca la m\u00e1s adecuada para ti.<\/p><\/div>[\/vc_column][\/vc_row][vc_row][vc_column width=&#8221;1\/3&#8243;][\/vc_column][vc_column width=&#8221;1\/3&#8243;]<div id=\"1657055281231-a6c311a7-8d6e\" class=\"dt-sc-empty-space\"><\/div><a href='https:\/\/docs.google.com\/forms\/d\/e\/1FAIpQLSd5FvmRRQZDfjHSwjTYrOvoJcf1aSCi8mJ7U0SpCFX8AYwV4w\/viewform' target='_self' title='Ver Cacantes' class='dt-sc-button   xlarge   rounded-border  wpb_animate_when_almost_visible wpb_fadeIn fadeIn animated white' data-delay='0' > Inscribirse al programa <\/a>[\/vc_column][vc_column width=&#8221;1\/3&#8243;][\/vc_column][\/vc_row]<\/p>\n","protected":false},"excerpt":{"rendered":"<p>[vc_row equal_height=&#8221;yes&#8221; content_placement=&#8221;middle&#8221; el_id=&#8221;Alianza&#8221; css=&#8221;.vc_custom_1698164365780{margin-top: -120px !important;}&#8221;][vc_column offset=&#8221;vc_col-lg-5&#8243;][vc_row_inner][vc_column_inner width=&#8221;1\/2&#8243;][vc_single_image image=&#8221;19800&#8243; img_size=&#8221;medium&#8221; alignment=&#8221;center&#8221; css_animation=&#8221;bounceInDown&#8221;][\/vc_column_inner][vc_column_inner width=&#8221;1\/2&#8243;][\/vc_column_inner][\/vc_row_inner][vc_wp_text] Beca mensual Membres\u00eda de beneficios m\u00e9dicos que incluye seguro contra accidentes Membres\u00eda de descuentos en m\u00e1s de diez mil establecimientos comerciales (hasta 40% de descuento permanente en entradas a Cin\u00e9polis y Cinemex) Liberaci\u00f3n de pr\u00e1cticas \/ estad\u00edas \/ residencias profesionales [\/vc_wp_text][vc_row_inner [&hellip;]<\/p>\n","protected":false},"author":1,"featured_media":0,"parent":0,"menu_order":0,"comment_status":"closed","ping_status":"closed","template":"","meta":{"footnotes":""},"_links":{"self":[{"href":"https:\/\/ancabe.org\/forvia\/wp-json\/wp\/v2\/pages\/20242"}],"collection":[{"href":"https:\/\/ancabe.org\/forvia\/wp-json\/wp\/v2\/pages"}],"about":[{"href":"https:\/\/ancabe.org\/forvia\/wp-json\/wp\/v2\/types\/page"}],"author":[{"embeddable":true,"href":"https:\/\/ancabe.org\/forvia\/wp-json\/wp\/v2\/users\/1"}],"replies":[{"embeddable":true,"href":"https:\/\/ancabe.org\/forvia\/wp-json\/wp\/v2\/comments?post=20242"}],"version-history":[{"count":51,"href":"https:\/\/ancabe.org\/forvia\/wp-json\/wp\/v2\/pages\/20242\/revisions"}],"predecessor-version":[{"id":20298,"href":"https:\/\/ancabe.org\/forvia\/wp-json\/wp\/v2\/pages\/20242\/revisions\/20298"}],"wp:attachment":[{"href":"https:\/\/ancabe.org\/forvia\/wp-json\/wp\/v2\/media?parent=20242"}],"curies":[{"name":"wp","href":"https:\/\/api.w.org\/{rel}","templated":true}]}}